 the remainder when 272 is divided by 21.
20
Calculate the remainder when 89 is divided by 24.
17
Calculate the remainder when 93 is divided by 55.
38
What is the remainder when 2932 is divided by 266?
6
What is the remainder when 756 is divided by 38?
34
Calculate the remainder when 42 is divided by 35.
7
Calculate the remainder when 179 is divided by 62.
55
Calculate the remainder when 706 is divided by 101.
100
Calculate the remainder when 230 is divided by 38.
2
What is the remainder when 3078 is divided by 13?
10
What is the remainder when 15316 is divided by 6?
4
What is the remainder when 91 is divided by 52?
39
Calculate the remainder when 457 is divided by 23.
20
What is the remainder when 344 is divided by 23?
22
What is the remainder when 1030 is divided by 37?
31
What is the remainder when 95 is divided by 95?
0
What is the remainder when 10218 is divided by 20?
18
Calculate the remainder when 314 is divided by 20.
14
What is the remainder when 74 is divided by 38?
36
Calculate the remainder when 683 is divided by 114.
113
What is the remainder when 200 is divided by 35?
25
What is the remainder when 2611 is divided by 237?
4
Calculate the remainder when 56 is divided by 13.
4
Calculate the remainder when 1548 is divided by 37.
31
Calculate the remainder when 915 is divided by 51.
48
What is the remainder when 23 is divided by 18?
5
What is the remainder when 179 is divided by 14?
11
Calculate the remainder when 250 is divided by 24.
10
What is the remainder when 226 is divided by 55?
6
What is the remainder when 2205 is divided by 130?
125
Calculate the remainder when 264 is divided by 38.
36
Calculate the remainder when 159 is divided by 9.
6
What is the remainder when 556 is divided by 18?
16
What is the remainder when 3844 is divided by 52?
48
Calculate the remainder when 14 is divided by 9.
5
What is the remainder when 54 is divided by 11?
10
Calculate the remainder when 1902 is divided by 127.
124
What is the remainder when 1760 is divided by 63?
59
Calculate the remainder when 1566 is divided by 32.
30
Calculate the remainder when 276 is divided by 137.
2
What is the remainder when 468 is divided by 122?
102
Calculate the remainder when 1420 is divided by 89.
85
What is the remainder when 149 is divided by 72?
5
What is the remainder when 31 is divided by 17?
14
Calculate the remainder when 913 is divided by 907.
6
What is the remainder when 84 is divided by 28?
0
What is the remainder when 444 is divided by 60?
24
What is the remainder when 123 is divided by 6?
3
Calculate the remainder when 416 is divided by 15.
11
Calculate the remainder when 178 is divided by 22.
2
Calculate the remainder when 1554 is divided by 301.
49
Calculate the remainder when 1392 is divided by 17.
15
Calculate the remainder when 1456 is divided by 46.
30
What is the remainder when 494 is divided by 43?
21
What is the remainder when 3208 is divided by 100?
8
What is the remainder when 2411 is divided by 69?
65
Calculate the remainder when 299 is divided by 148.
3
Calculate the remainder when 534 is divided by 38.
2
Calculate the remainder when 670 is divided by 24.
22
Calculate the remainder when 455 is divided by 66.
59
What is the remainder when 161 is divided by 13?
5
Calculate the remainder when 223 is divided by 40.
23
What is the remainder when 35 is divided by 14?
7
What is the remainder when 741 is divided by 247?
0
Calculate the remainder when 90 is divided by 70.
20
What is the remainder when 679 is divided by 208?
55
What is the remainder when 3947 is divided by 188?
187
What is the remainder when 195 is divided by 172?
23
Calculate the remainder when 129 is divided by 61.
7
Calculate the remainder when 656 is divided by 74.
64
Calculate the remainder when 722 is divided by 225.
47
Calculate the remainder when 269 is divided by 81.
26
Calculate the remainder when 357 is divided by 15.
12
Calculate the remainder when 604 is divided by 102.
94
What is the remainder when 37 is divided by 15?
7
Calculate the remainder when 160 is divided by 52.
4
Calculate the remainder when 7423 is divided by 27.
25
Calculate the remainder when 238 is divided by 39.
4
What is the remainder when 11493 is divided by 55?
53
Calculate the remainder when 459 is divided by 77.
74
What is the remainder when 225 is divided by 46?
41
What is the remainder when 45 is divided by 26?
19
Calculate the remainder when 492 is divided by 208.
76
Calculate the remainder when 1606 is divided by 70.
66
Calculate the remainder when 245 is divided by 137.
108
What is the remainder when 21 is divided by 16?
5
What is the remainder when 360 is divided by 358?
2
What is the remainder when 243 is divided by 10?
3
Calculate the remainder when 252 is divided by 18.
0
What is the remainder when 1181 is divided by 584?
13
What is the remainder when 144 is divided by 94?
50
Calculate the remainder when 307 is divided by 9.
1
What is the remainder when 1085 is divided by 21?
14
Calculate the remainder when 1834 is divided by 54.
52
Calculate the remainder when 306 is divided by 7.
5
Calculate the remainder when 947 is divided by 669.
278
What is the remainder when 382 is divided by 131?
120
Calculate the remainder when 6393 is divided by 798.
9
What is the remainder when 460 is divided by 24?
4
What is the remainder when 29751 is divided by 21?
15
Calculate the remainder when 739 is divided by 106.
103
Calculate the remainder when 616 is divided by 104.
96
Calculate the remainder when 2643 is divided by 36.
15
What is the remainder when 67 is divided by 9?
4
Calculate the remainder when 677 is divided by 15.
2
Calculate the remainder when 227 is divided by 23.
20
What is the remainder when 131 is divided by 34?
29
Calculate the remainder when 111 is divided by 14.
13
Calculate the remainder when 155 is divided by 18.
11
What is the remainder when 463 is divided by 8?
7
What is the remainder when 507 is divided by 258?
249
What is the remainder when 446 is divided by 11?
6
Calculate the remainder when 211 is divided by 153.
58
What is the remainder when 10337 is divided by 11?
8
What is the remainder when 146 is divided by 5?
1
What is the remainder when 203 is divided by 13?
8
Calculate the remainder when 292 is divided by 77.
61
Calculate the remainder when 4205 is divided by 14.
5
What is the remainder when 449 is divided by 45?
44
Calculate the remainder when 502 is divided by 18.
16
What is the remainder when 1073 is divided by 270?
263
Calculate the remainder when 2067 is divided by 11.
10
What is the remainder when 161 is divided by 45?
26
Calculate the remainder when 225 is divided by 10.
5
Calculate the remainder when 74 is divided by 27.
20
Calculate the remainder when 271 is divided by 68.
67
What is the remainder when 549 is divided by 19?
17
Calculate the remainder when 27 is divided by 9.
0
Calculate the remainder when 1067 is divided by 491.
85
Calculate the remainder when 821 is divided by 59.
54
Calculate the remainder when 1958 is divided by 35.
33
Calculate the remainder when 2846 is divided by 21.
11
What is the remainder when 170 is divided by 78?
14
What is the remainder when 651 is divided by 233?
185
What is the remainder when 745 is divided by 34?
31
Calculate the remainder when 437 is divided by 18.
5
What is the remainder when 9778 is divided by 15?
13
What is the remainder when 50 is divided by 32?
18
Calculate the remainder when 338 is divided by 120.
98
Calculate the remainder when 5073 is divided by 54.
51
What is the remainder when 1041 is divided by 8?
1
What is the remainder when 200 is divided by 48?
8
Calculate the remainder when 2359 is divided by 339.
325
What is the remainder when 159 is divided by 11?
5
Calculate the remainder when 689 is divided by 23.
22
Calculate the remainder when 560 is divided by 47.
43
Calculate the remainder when 1098 is divided by 165.
108
What is the remainder when 4068 is divided by 110?
108
What is the remainder when 400 is divided by 86?
56
Calculate the remainder when 609 is divided by 36.
33
Calculate the remainder when 10924 is divided by 25.
24
Calculate the remainder when 18 is divided by 16.
2
What is the remainder when 4013 is divided by 3?
2
Calculate the remainder when 1801 is divided by 30.
1
What is the r